{"id":585,"date":"2020-09-10T14:31:23","date_gmt":"2020-09-10T12:31:23","guid":{"rendered":"http:\/\/gasaridesign.cz\/web\/?page_id=585"},"modified":"2020-09-22T09:43:53","modified_gmt":"2020-09-22T07:43:53","slug":"textil-na-zakazku","status":"publish","type":"page","link":"http:\/\/gasaridesign.cz\/web\/textil-na-zakazku\/","title":{"rendered":"Textil na zak\u00e1zku"},"content":{"rendered":"\n<p>Nab\u00edz\u00edme zak\u00e1zkovou v\u00fdrobu reklamn\u00edho textilu pro firmy, spolky \u010di jedince.<\/p>\n\n\n\n<p>Pro\u010d si vybrat pr\u00e1v\u011b n\u00e1s:<\/p>\n\n\n\n<ul><li>\u0160irok\u00fd v\u00fdb\u011br textilu ( tri\u010dek, mikin, atd..)<\/li><li>Zpracov\u00e1n\u00ed origin\u00e1ln\u00ed grafiky s n\u00e1padem<\/li><li>Individu\u00e1ln\u00ed ceny<\/li><li>Kvalita a rychlost<\/li><\/ul>\n\n\n\n<div class=\"wpcf7 no-js\" id=\"wpcf7-f593-o1\" lang=\"en-US\" dir=\"ltr\">\n<div class=\"screen-reader-response\"><p role=\"status\" aria-live=\"polite\" aria-atomic=\"true\"><\/p> <ul><\/ul><\/div>\n<form action=\"\/web\/wp-json\/wp\/v2\/pages\/585#wpcf7-f593-o1\" method=\"post\" class=\"wpcf7-form init\" aria-label=\"Contact form\" novalidate=\"novalidate\" data-status=\"init\">\n<div style=\"display: none;\">\n<input type=\"hidden\" name=\"_wpcf7\" value=\"593\" \/>\n<input type=\"hidden\" name=\"_wpcf7_version\" value=\"5.8\" \/>\n<input type=\"hidden\" name=\"_wpcf7_locale\" value=\"en_US\" \/>\n<input type=\"hidden\" name=\"_wpcf7_unit_tag\" value=\"wpcf7-f593-o1\" \/>\n<input type=\"hidden\" name=\"_wpcf7_container_post\" value=\"0\" \/>\n<input type=\"hidden\" name=\"_wpcf7_posted_data_hash\" value=\"\" \/>\n<\/div>\n<p class=\"contact-message\"><label>N\u00e1zev popt\u00e1vky *<\/label><span class=\"wpcf7-form-control-wrap\" data-name=\"your-subject\"><input size=\"40\" class=\"wpcf7-form-control wpcf7-text wpcf7-validates-as-required\" aria-required=\"true\" aria-invalid=\"false\" value=\"\" type=\"text\" name=\"your-subject\" \/><\/span>\n<\/p>\n<p class=\"contact-message\"><label>Firma<\/label><span class=\"wpcf7-form-control-wrap\" data-name=\"your-company\"><input size=\"40\" class=\"wpcf7-form-control wpcf7-text\" aria-invalid=\"false\" value=\"\" type=\"text\" name=\"your-company\" \/><\/span>\n<\/p>\n<p class=\"contact-email\"><label>Jm\u00e9no a p\u0159\u00edjmen\u00ed *<\/label><span class=\"wpcf7-form-control-wrap\" data-name=\"your-name\"><input size=\"40\" class=\"wpcf7-form-control wpcf7-text wpcf7-validates-as-required\" aria-required=\"true\" aria-invalid=\"false\" value=\"\" type=\"text\" name=\"your-name\" \/><\/span>\n<\/p>\n<p class=\"contact-email\"><label>E-mail *<\/label><span class=\"wpcf7-form-control-wrap\" data-name=\"your-email\"><input size=\"40\" class=\"wpcf7-form-control wpcf7-email wpcf7-validates-as-required wpcf7-text wpcf7-validates-as-email\" aria-required=\"true\" aria-invalid=\"false\" value=\"\" type=\"email\" name=\"your-email\" \/><\/span>\n<\/p>\n<p class=\"contact-email\"><label>Telefon<\/label><span class=\"wpcf7-form-control-wrap\" data-name=\"your-phone\"><input size=\"40\" class=\"wpcf7-form-control wpcf7-text\" aria-invalid=\"false\" value=\"\" type=\"text\" name=\"your-phone\" \/><\/span>\n<\/p>\n<p class=\"contact-message\"><label>Zn\u011bn\u00ed popt\u00e1vky *<\/label><span class=\"wpcf7-form-control-wrap\" data-name=\"your-request\"><textarea cols=\"40\" rows=\"10\" class=\"wpcf7-form-control wpcf7-textarea wpcf7-validates-as-required\" aria-required=\"true\" aria-invalid=\"false\" name=\"your-request\"><\/textarea><\/span>\n<\/p>\n<p><input class=\"wpcf7-form-control wpcf7-submit has-spinner\" type=\"submit\" value=\"Odeslat\" \/>\n<\/p><div class=\"wpcf7-response-output\" aria-hidden=\"true\"><\/div>\n<\/form>\n<\/div>\n\n\n\n\n<p><\/p>\n","protected":false},"excerpt":{"rendered":"<p>Nab\u00edz\u00edme zak\u00e1zkovou v\u00fdrobu reklamn\u00edho textilu pro firmy, spolky \u010di jedince. Pro\u010d si vybrat pr\u00e1v\u011b n\u00e1s: \u0160irok\u00fd v\u00fdb\u011br textilu ( tri\u010dek, mikin, atd..) Zpracov\u00e1n\u00ed origin\u00e1ln\u00ed grafiky s n\u00e1padem Individu\u00e1ln\u00ed ceny Kvalita a rychlost<\/p>\n","protected":false},"author":1,"featured_media":0,"parent":0,"menu_order":0,"comment_status":"closed","ping_status":"closed","template":"template-full-width.php","meta":[],"_links":{"self":[{"href":"http:\/\/gasaridesign.cz\/web\/wp-json\/wp\/v2\/pages\/585"}],"collection":[{"href":"http:\/\/gasaridesign.cz\/web\/wp-json\/wp\/v2\/pages"}],"about":[{"href":"http:\/\/gasaridesign.cz\/web\/wp-json\/wp\/v2\/types\/page"}],"author":[{"embeddable":true,"href":"http:\/\/gasaridesign.cz\/web\/wp-json\/wp\/v2\/users\/1"}],"replies":[{"embeddable":true,"href":"http:\/\/gasaridesign.cz\/web\/wp-json\/wp\/v2\/comments?post=585"}],"version-history":[{"count":3,"href":"http:\/\/gasaridesign.cz\/web\/wp-json\/wp\/v2\/pages\/585\/revisions"}],"predecessor-version":[{"id":597,"href":"http:\/\/gasaridesign.cz\/web\/wp-json\/wp\/v2\/pages\/585\/revisions\/597"}],"wp:attachment":[{"href":"http:\/\/gasaridesign.cz\/web\/wp-json\/wp\/v2\/media?parent=585"}],"curies":[{"name":"wp","href":"https:\/\/api.w.org\/{rel}","templated":true}]}}